 1/3*s**3 - 5*s. Give x(y).
-5
Let v(o) = o**3 + 2*o**2 + 2*o**2 - 5*o + 6*o - 3*o**2. Let u(w) = -8*w**3 - 7*w**2 - 2*w + 2. Let k(h) = u(h) + 5*v(h). Give k(-2).
12
Let k(y) = y**3 - 4*y**2 + 2*y + 2. Let o(g) = 7*g**2 + 2*g + 2 - g**3 - 4*g**2 - 1 - 4. Let u be o(3). Give k(u).
-1
Let f(m) = -2*m + 1. Suppose 0 = -3*d - 2*r + 10, 2*r - 6 = -4*d + 4. Give f(d).
1
Let x = -95 + 221. Suppose u - x = 2*u. Let w be 2/7 + 36/u. Let s(g) = g - 6. Give s(w).
-6
Let l(f) be the first derivative of 0*f**2 - 7 - 1/6*f**3 - 7*f. Let c(s) be the first derivative of l(s). Give c(-3).
3
Let m be -11 + -3 + 4 - -5. Let c(b) = -1 + 8*b**2 - 6*b + b - 3*b**2. Let z(w) = -6*w**2 + 6*w + 1. Let q(o) = m*c(o) - 4*z(o). Give q(-1).
-1
Let f(u) = 15*u**3 + 17*u**2 + 22*u - 5. Let d(h) = 7*h**3 + 8*h**2 + 10*h - 2. Let i(a) = 13*d(a) - 6*f(a). Determine i(-3).
1
Let b(o) = -2*o - 26 - 27 + 78 - 21. Calculate b(2).
0
Suppose -5*w + 0*w - 45 = 0. Let u be (-6)/w + 32/6. Let o(q) = -2*q + 8. Determine o(u).
-4
Let o be 4*2/(-28)*-7. Suppose -o*h - 15 = h, 3*x + 22 = -2*h. Let n(m) be the second derivative of m**3/6 + 2*m**2 - m. Determine n(x).
0
Suppose 120 = -4*t + 2*k, -4*t - 100 = -2*k + 5*k. Let z = t - -15. Let w = z + 10. Let g(f) = -3*f - 1. Give g(w).
8
Let y(t) = t**3 + 11*t**2 + 3*t - 4. Let a(g) = -3*g**3 - 32*g**2 - 8*g + 12. Let u(i) = -6*a(i) - 17*y(i). Let l = 15 + -26. Let s = 6 + l. What is u(s)?
11
Let v(p) = 14*p**3 + 1. Let f(a) be the third derivative of 7*a**4/24 - a**3 - 9*a**2. Let y be f(5). Let o = y + -30. Give v(o).
-13
Suppose 12 = 4*z + 2*s, 2 = -5*z + 2*s + 26. Let b = z + -6. Let i(c) = 2*c**3 + 3*c**2 + 2*c + 3. Give i(b).
-5
Let o = 673 - 643. Let d(b) = b**3 - 31*b**2 + 31*b - 29. Give d(o).
1
Let t(h) = 3*h**3 - 2*h**2 + 5*h - 4. Let n = -2463 + 2464. Calculate t(n).
2
Let d(m) = -m + 3. Let j = 30 + -32. Let a(y) = -y + 4. Let o(f) = j*a(f) + 3*d(f). Give o(1).
0
Let z be 6/(-27) - (-101)/9. Suppose 0 = -3*h - 3*l + 9, 12*h - 2*l = 10*h + 2. Let f(p) = -z*p + 33*p - 13*p + h - 10*p. Give f(4).
-2
Suppose 2*y - 4 = -0*y. Suppose -n + 6 = y*n. Let z(a) = -2*a - 1 - 5*a**n - 11*a**2 + 11*a**2. What is z(-1)?
-4
Let i(j) = -9*j - 1. Let m be -4*(-76)/(-8)*-2. Suppose -14 = 5*l + m. Let z = l + 17. Give i(z).
8
Let x(a) = a**2 + 4*a. Let q(z) = -z - 6. Let i be q(6). Let s be (-64)/i*(-9)/(-6). Suppose 3*v + s = 5*h, 0 = -3*v + h - 10 - 6. Give x(v).
12
Let b(l) = -l + 11. Let m be b(10). Let f be -7 + 4 + -1 + m. Let n(u) = -u**2 + u. Determine n(f).
-12
Let a(u) = 3*u**3 - 3*u**2 - 4*u + 3. Let l = 199 - 196. Give a(l).
45
Let r(x) = -6*x**2 + 7*x - 1. Let d(q) = -q**2 + 2*q - 1. Let t(g) = 3*d(g) - r(g). Determine t(-2).
12
Suppose 7*t - 3*t = 12. Let v(j) = -j**2 - j - 2 + j**t + 16 - 6 - 6. Let d be v(0). Let u(g) = -3*g**2 - 3*g + 3. Determine u(d).
-15
Let i(b) = -b - 84 - 6*b**2 + 39 + 45. Let u be (-4)/(-6)*(-6)/4. What is i(u)?
-5
Let q(g) = -2*g**2 + 6*g + 14. Let h(b) = -3*b**2 + 13*b + 27. Suppose -2*d = -3*j - 19, 2*d = -2*j + d - 8. Let n(t) = j*q(t) + 3*h(t). Give n(-8).
3
Let k be (4*9/(-6))/(-2). Let c(x) = -k*x + x + 3 - 6 + 2. Let h be 6/30 + 4/5 + 0. Give c(h).
-3
Let z(m) = -m - 2. Let q be z(-5). Let x(d) = -4*d - 1. Let v(l) = -23*l - 6. Let p(j) = -2*v(j) + 11*x(j). What is p(q)?
7
Let z(h) = -h**2 - 3*h + 9. Let p be z(4). Let r = p + 13. Let a(o) = 5*o**2 - 10*o - 5. Let i(s) = s**2 - s - 1. Let g(v) = a(v) - 6*i(v). Calculate g(r).
-11
Let y(f) = 7*f**2 + 3*f. Let j(h) = -3*h**2 - 2*h. Let p(l) = -5*j(l) - 2*y(l). Let z be 1/1*0/3. Suppose 2*k + 2 + 8 = z. Determine p(k).
5
Let r(x) = 120*x + 363. Let j be r(-3). Let m(g) = g + 1 - 2*g + 2*g. Give m(j).
4
Suppose 2*i - 8 = 4*i. Suppose -3*o - 4 = -5*o. Let t(m) = -195 + 4*m**o - 3*m + 195 + m**3. Calculate t(i).
12
Let m = 60 - 61. Let l be 1/m + 7 + -11. Let q(p) = p**2 + 3*p - 5. Determine q(l).
5
Let y(d) = -4*d + 11. Let h(p) = 3*p - 10. Let w(z) = -5*h(z) - 4*y(z). Let c(f) = f + 8. Let n be (-16)/(-56) - (-58)/(-7). Let i be c(n). Determine w(i).
6
Let v(t) = -4*t**3 + 11*t**2 + 7*t - 11. Suppose -11 = 5*k + 24. Let w(l) = 3*l**3 - 7*l**2 - 5*l + 7. Let h(j) = k*w(j) - 5*v(j). Calculate h(-6).
6
Let a(o) = -o**2 - 7*o - 6. Let k = 7 + -5. Suppose -4*g - 40 = -2*p, 2*p - k*g = 42 - 8. Suppose 4*b + p = -2. What is a(b)?
6
Let k(u) = u**2 - 5*u + 6. Let h be k(4). Let m(x) = 2 - 1 + 5*x + x - 4*x + h*x**2. Determine m(-1).
1
Let m(z) = -12*z - 10*z + 16*z - 22*z**2 + 16*z**2 + z**3 - 5. Suppose -1 = 4*r - 3*r. Let k be (r + -8)/(-1) - 2. Give m(k).
2
Let j be (-1)/((-4)/60*3). Suppose 5*y + 11 = -k, k - j = 2*k - y. Let c(b) = -b**2 - 5*b + 4. Give c(k).
-2
Suppose -10*a + 72 = 2*a. Let l(v) = v**3 - 6*v**2 + 2*v - 2. Determine l(a).
10
Let t(b) = 9*b + 62. Let u be t(-7). Let p(s) = 3*s - 1. Give p(u).
-4
Let n(w) = w**3 + 10*w**2 + 6*w - 20. Let x be n(-9). Let k(h) = -2*h + 2*h - 3*h + x + 2*h. Determine k(5).
2
Let d(t) = -4*t**2 - 28*t + 7. Suppose 4*c - 5*c = 2. Let n(l) = l**2 + 7*l - 2. Let z(i) = c*d(i) - 9*n(i). Determine z(-8).
-4
Let b(i) = -4*i - 8. Let o be b(-4). Let a(t) = t**2 - 7*t + 8. Give a(o).
16
Let n(l) be the third derivative of -1/24*l**4 - 11*l**2 + 0 - 2*l**3 + 0*l. Suppose 3*y + 18 = -0*y. Give n(y).
-6
Let i = -317 - -310. Let s(m) = -2*m - 18. What is s(i)?
-4
Let z(a) be the second derivative of a**5/60 - a**3/2 + 7*a**2/2 - 10*a. Let s(b) be the first derivative of z(b). What is s(-4)?
13
Let t(y) = -40*y + 42. Let b be t(1). Let d(s) = -s**3 + s**2 + 4*s - 4. Determine d(b).
0
Let f(b) = 0*b - 3 + 2*b + 2. Let c(r) = 3*r - 1. Let k(y) = 5*c(y) - 8*f(y). Suppose 4*a + 9 + 1 = -2*g, a + 10 = -2*g. Determine k(a).
3
Let d(q) = -2180 - q + 2207 + 2*q. Calculate d(-13).
14
Let m = -685 - -691. Let l(a) = -2*a + 15. Give l(m).
3
Suppose 0 = -5*h - b + 19, -5*h + 4 + 3 = -2*b. Let p(i) = -2 - 4*i + 1 - h. Suppose -3*l - 16 = -4*t - 32, -2*t + 4*l = 8. Calculate p(t).
12
Let v(y) = 2*y**2 - 3*y + 1. Let j = 4 - 0. Suppose -6*a = -j*a + 14. Let d = 9 + a. What is v(d)?
3
Let i(r) = -r**2 - 9*r - 10. Let h be i(-6). Let t(y) = -5*y**2 + 8*y - 7. Let u(z) = 11*z**2 - 16*z + 15. Let b(k) = 9*t(k) + 4*u(k). Determine b(h).
-3
Let j(f) = -4*f - 2. Let u = 96 - 67. Suppose 0 = 10*z - 158 - 112. Let t = z - u. Give j(t).
6
Suppose 101 + 49 = 5*f. Suppose 0*g + f = -5*g. Let d(c) = -c**2 - 6*c + 8. Calculate d(g).
8
Let i(x) = 9*x**2 - 4*x + 13. Let j(h) = -11*h**2 + 5*h - 14. Let d(f) = 6*i(f) + 5*j(f). What is d(0)?
8
Let h(d) be the second derivative of -d**3/2 + d**2/2 + 2*d. Suppose 18 + 9 = 3*z. Let q = z + -6. What is h(q)?
-8
Let b(p) be the second derivative of -p**6/720 - p**5/40 - p**4/2 - 12*p. Let a(n) be the third derivative of b(n). Determine a(3).
-6
Let y(u) = 2*u - 14. Let a(x) = -3*x + 21. Let q(s) = -s**2 - 2*s + 3. Let o be q(-4). Let b(f) = o*a(f) - 8*y(f). Determine b(8).
-1
Let o(w) = 25*w**2 - 18*w**2 + 8 - w**3 - 3*w**2 - 3*w. What is o(4)?
-4
Suppose d + 23 = -5*z, 5*z + 31 = 4*d - d. Let j(g) be the second derivative of g**4/12 + g**3 + 5*g**2/2 + 59*g. Calculate j(z).
0
Let f be 1*(1 + (-9 - (-8)/2)). Let t(h) = -h**3 - 5*h**2 + 2*h - 2. What is t(f)?
-26
Let a be (-81)/15 + 4/10. Let w be (-2 + 1 + a)*1/2. Let b(k) = 2*k - 1 + 1. Give b(w).
-6
Let k(z) = -11*z**2 - z - 1. Let c(g) = -g**3 - 2*g**2 + 2*g + 2. Suppose 8*o - 4*o = 12. Let q = o + -4. Let a be c(q). Calculate k(a).
-11
Let f(d) = -d**3 + 2*d**2 - d + 2. Let j = 1820 - 1818. Give f(j).
0
Let p(d) = 3*d - 23. Suppose 0 = -8*u - 97 + 193. Give p(u).
13
Let t be (-3)/7 - ((-192)/(-28))/(-2). Let p(f) = -f**2 + 4*f + 3. Give p(t).
6
Suppose 15 + 22 = -3*h + 2*o, 5*o = -5*h - 45. Let b(q) = q**2 + 11*q + 4. Give b(h).
4
Let t = 9 + 39. Suppose 43*u - 30 = t*u. Let j(o) = o + 3. Determine j(u).
-3
Let v = 148 + -137. Let i(z) = -z**3 + 12*z**2 - 12*z + 5. What is i(v)?
-6
Let w(m) = -71*m**2 + 66*m**2 + 2*m**3 - 3*m**3 + 3*m - 9 + 2. Let y be 2/3 + (-20)/3. What is w(y)?
11
Let p(k) = 10*k**3 + k**2. Suppose 110*b = 114*b - 344. Let j = b + -87. What is p(j)?
-9
Let g(c) be the third derivative of c**6/120 + 2*c**5/15 - 3*c**4/8 + 3*c**2. Give g(-9).
0
Let v(o) = -o - 3. Let b(j) = j**3 - j + 3. Let z be b(0). Let c(g) = -12 + 2*g + 5 + 4*g**2 - 